uppose -354 = -3*a + 117. Suppose 0 = 5*w + 52 - a. What is the remainder when (14/(-6))/7*-123 is divided by w?
20
Let f(m) = -7*m - 5. Let i be 3 - ((0 - (-12 - 3)) + 3). Suppose -4*u + 4*t + 80 = 0, 0*u - 4*u - 3*t = -59. What is the remainder when f(i) is divided by u?
15
Let t be (-4)/(-12) - (-642)/(-9). Let l = t - -76. Suppose 0 = -l*v - 4*w + 96, 3*v = 3*w + 55 + 8. Calculate the remainder when 36 is divided by v.
16
Suppose 6 = 3*d, 0 = -4*p - 2*d + 7*d - 822. Let g = 212 + p. What is the remainder when 61 is divided by g?
7
Let v = -45 - -84. Suppose 3*w - 9 - v = 0. Suppose -17*n + 3*h = -20*n + 93, 0 = -5*h + 20. Calculate the remainder when n is divided by w.
11
Let b = 10144 - 9499. What is the remainder when b is divided by 56?
29
Let u(z) = -6*z - 121. Let j be u(-21). Suppose -17*d - n + 119 = -13*d, n - 150 = -j*d. Calculate the remainder when d is divided by 12.
7
Let b(r) = r**2 - 57*r - 288. Calculate the remainder when 306 is divided by b(62).
20
Let j(l) = 88*l - 259*l + 54*l + 89*l + 31. What is the remainder when j(-7) is divided by 12?
11
Suppose -23381 + 116981 = 195*f. What is the remainder when f is divided by 231?
18
Suppose 434 = 4*v - 5*n - 600, -4*v + n = -1010. Calculate the remainder when v is divided by 227.
24
Suppose 4232 + 1815 = 11*p + 756. Calculate the remainder when p is divided by 236.
9
Let u(m) = -1116*m + 4. Let k be u(-2). Suppose 0 = 14*n + 12*n - k. What is the remainder when n is divided by 52?
34
Let v(x) = 732*x**2 + 24*x + 23. Calculate the remainder when v(-1) is divided by 122.
121
Let d = -14614 - -14691. What is the remainder when 1943 is divided by d?
18
Suppose 3*f - 4*f + 2*v + 41 = 0, -3*f - 4*v = -123. Suppose c + 5*l = 81 + f, 0 = 4*c + 4*l - 552. Calculate the remainder when c is divided by 37.
31
Let f = -771 - -790. What is the remainder when 1044 is divided by f?
18
Suppose 3*i - j = -2, -4*j - 12 - 4 = 0. Let u = -45 - 47. Calculate the remainder when 90 is divided by ((-9)/(-18))/(i/u).
21
Let b(w) = -73*w + 827. Calculate the remainder when 33 is divided by b(11).
9
What is the remainder when 1867 is divided by 13115/215*18/3?
37
Suppose 2*a = 60 - 4. Let g(v) = -214*v - 2402. Calculate the remainder when g(-12) is divided by a.
26
Let z = -3761 - -4167. What is the remainder when 419 is divided by z?
13
Let d(r) = 18*r**3 - r**2 + 7*r - 7. Let k be d(2). Suppose 4*c - k = c. What is the remainder when 144 is divided by c?
46
Suppose 5*a - 4*h - 83 = -h, -h + 61 = 3*a. Calculate the remainder when 11/(-2)*-5*2 is divided by a.
17
Let t(i) = 5*i**2 - 32*i + 15. Let y be t(6). Suppose -6*p + 747 = y*p. What is the remainder when p is divided by 21?
20
Calculate the remainder when 536 is divided by ((-1)/(-4) + 0)/(59/47908).
130
Let n(k) = k**3 - 32*k**2 - 104*k + 132. Calculate the remainder when 503 is divided by n(35).
2
Suppose 4*x - 104 - 1319 = -l, 2890 = 2*l - 3*x. What is the remainder when l is divided by 96?
95
Suppose 236*m - 143 = 110*m + 113*m. What is the remainder when 84 is divided by m?
7
Let f(s) = s**2 + s + 25. Let q be f(0). Let g = -11 + q. Suppose 324*z - 1420*z + 109882 - 31492 = -694*z. Calculate the remainder when z is divided by g.
13
Suppose -4*j + 40597 = n, -2*j + 30488 = j - 5*n. What is the remainder when j is divided by 18?
17
Let q(k) = 75*k**2 + k + 2. Let h be q(-1). Let f = h + -70. What is the remainder when f is divided by 2?
0
Suppose -3*p = -4*k - 11, 5*p - 6*p = 4*k + 7. Suppose 4*r = r - 90. What is the remainder when (-47 - p)/(45/r) is divided by 10?
2
Let y be 462 - 0 - (-3)/(18/24). Suppose 348*w + y = 350*w. Calculate the remainder when w is divided by 13.
12
Calculate the remainder when 780 is divided by 51/(-136) + 4521/88.
15
Let d(k) = -2*k**2 + 4*k - 9. Let t be d(6). Let q = 60 + t. Suppose 2*v - q*v = 2*y - 52, 2*v - 86 = 2*y. Calculate the remainder when v is divided by 12.
10
Let k be 10*1*1/((-30)/36). Let z(x) = x**2 + 14*x + 25. What is the remainder when 3 + 3 + (-4 - 1) is divided by z(k)?
0
Suppose 180 = -50*g + 62*g. Suppose -g*f + 121 = -29. Suppose 2*p - 135 = -k - 0*k, p - 65 = -3*k. What is the remainder when p is divided by f?
8
Let q(r) = -7*r**3 - 8*r**2 - 41*r - 68. What is the remainder when q(-5) is divided by 57?
14
Suppose 0 = -2*c + s - 73, 2*c + 67 = 2*s - 7*s. Let h be -2*(-4)/c - (-4207)/(-63). Let x = 105 + h. What is the remainder when 142 is divided by x?
28
Suppose -42 = -90*a + 83*a. Suppose -a*t + 402 = -4*t. What is the remainder when t is divided by 34?
31
Let g(b) = -b**2 - 140*b - 4766. Calculate the remainder when 13545 is divided by g(-59).
12
Suppose 3134 + 1650 = 25*s - 2*s. What is the remainder when s is divided by (-3)/(3/30*-2)?
13
Let a = -1427 - -1437. Calculate the remainder when 366 is divided by a.
6
Let j(q) be the third derivative of q**5/20 + 5*q**4/8 - 56*q**3/3 + 57*q**2. What is the remainder when j(6) is divided by 67?
19
Suppose -10*b = -9*b - 5. Suppose -b*t - 2276 = -16. Let w = -279 - t. Calculate the remainder when w is divided by 35.
33
Suppose n + 897 = 3*r, -3 = -5*n + 12. Calculate the remainder when r is divided by 38.
34
Suppose 4*n + 3*p + 0*p - 92 = 0, 0 = -5*n - 3*p + 112. Suppose -24*c + n*c - 80 = 0. Calculate the remainder when (-33)/((-15)/c*-1) is divided by 9.
8
Suppose 5*v + 800 = 3*d, 0 = -3*d - 9*v + 15*v + 798. Calculate the remainder when 1095 is divided by d.
15
Let u = 47 + -24. Suppose 17*z + 174 = u*z. Let m(h) = 14*h**2 + 2*h - 3. What is the remainder when m(2) is divided by z?
28
Suppose o = -3*c + 370, 2*o - 750 = c + 3*c. Let a = 81 + -34. What is the remainder when o is divided by a?
44
Let p(n) be the third derivative of 7*n**4/12 + 10*n**3/3 + 11*n**2. Let r be p(-7). Let a = r - -87. What is the remainder when a is divided by 6?
3
Let h(d) = -473*d - 1882. Suppose 4*p - p = -4*t + 543, -p + 3*t + 168 = 0. Calculate the remainder when p is divided by h(-4).
7
Suppose 4*s + 5 + 17 = 3*q, 0 = -4*q + 4*s + 36. Calculate the remainder when 628 is divided by q.
12
Suppose 0 = -5*j - 849*i + 848*i + 165, 5*j - 2*i - 180 = 0. Calculate the remainder when 534 is divided by j.
24
Suppose 10*j - 54 = 6*j + 3*s, j = 2*s + 11. Calculate the remainder when 687 is divided by j.
12
Calculate the remainder when ((-125)/5)/(-275) + (-6258)/(-11) is divided by 134.
33
Let k = -35469 + 35777. What is the remainder when k is divided by 104?
100
Let h(r) = 52*r**2 + 3*r - 8. Let i be h(2). Let m = -178 + i. What is the remainder when 165 is divided by m?
25
Let a(x) = 201*x + 9 - 9 - 29 + 230*x - 355*x + 4*x**2. Calculate the remainder when a(-21) is divided by 35.
34
Let r = 84 + -39. Suppose -46*y = -r*y - 48. Suppose 5*o + 0*o + 4*i - 96 = 0, -y = -2*o - 4*i. Calculate the remainder when 62 is divided by o.
14
Suppose 14*v - 26*v = -1848. Suppose -53*d = -42*d - v. Suppose 2*a + 4*s = -8, 2*s = -0*s - 8. Calculate the remainder when d is divided by a.
2
Suppose -58 = -2*n - 0*n. What is the remainder when ((-2)/11 + (-154700)/385)/(4/(-2)) is divided by n?
27
Suppose 0 = -52*c + 130*c - 624. Calculate the remainder when 13214 is divided by c.
6
Suppose 20 + 13 = a. Let i = 372 - 350. Let h(b) = 2*b**2 - 41*b - 1. Calculate the remainder when h(i) is divided by a.
32
Suppose -5*m + 18*a - 14*a + 663 = 0, 5*m - 2*a - 669 = 0. What is the remainder when 934 is divided by m?
124
Let i = 21704 + -3620. What is the remainder when i is divided by 68?
64
Suppose 7*z + 26*z = 47*z - 7070. Calculate the remainder when z is divided by 70.
15
Let r be (-2)/5 + 66/15 + -4. Suppose r = 5*g + 24 - 124. What is the remainder when 54 is divided by g?
14
Suppose -26*n - 21*n + 658 = 0. Calculate the remainder when 1494 is divided by n.
10
Let w(a) = -66*a - 2059. What is the remainder when w(-34) is divided by 178?
7
Let k = 156 - 140. Suppose -5*i = -3*i - k. Calculate the remainder when 21 is divided by i.
5
Suppose 484 = 8*z - 3*z - 61. Calculate the remainder when 224 is divided by z.
6
Suppose -2*x - 8 = 4*z, -3*x - 2*z = 3*z + 9. Suppose x*k - 4*g - 110 = 0, -17*k + 13*k + 202 = g. Let d = 8 + 20. What is the remainder when k is divided by d?
23
Let v(z) = 0*z + z**2 + 5 + 0 - z + 5*z. Let j be v(-3). Suppose -3*w + 20 = 5*k, 2*k - j*w - 13 = 11. What is 